{"id":110,"date":"2023-10-22T19:23:33","date_gmt":"2023-10-22T22:23:33","guid":{"rendered":"https:\/\/monetbarra.infinitydemo.com.br\/?page_id=110"},"modified":"2023-10-29T18:12:44","modified_gmt":"2023-10-29T21:12:44","slug":"galeria","status":"publish","type":"page","link":"https:\/\/monetbarra.infinitydemo.com.br\/index.php\/galeria\/","title":{"rendered":"Galeria"},"content":{"rendered":"\t\t<div data-elementor-type=\"wp-page\" data-elementor-id=\"110\" class=\"elementor elementor-110\" data-elementor-post-type=\"page\">\n\t\t\t\t\t\t\t\t\t<section class=\"elementor-section elementor-top-section elementor-element elementor-element-13d0f519 elementor-section-height-min-height elementor-section-items-stretch elementor-section-content-middle elementor-section-full_width elementor-section-height-default\" data-id=\"13d0f519\" data-element_type=\"section\" data-settings=\"{&quot;background_background&quot;:&quot;classic&quot;}\">\n\t\t\t\t\t\t\t<div class=\"elementor-background-overlay\"><\/div>\n\t\t\t\t\t\t\t<div class=\"elementor-container elementor-column-gap-default\">\n\t\t\t\t\t<div class=\"elementor-column elementor-col-100 elementor-top-column elementor-element elementor-element-37e9a354\" data-id=\"37e9a354\" data-element_type=\"column\">\n\t\t\t<div class=\"elementor-widget-wrap elementor-element-populated\">\n\t\t\t\t\t\t\t\t<div class=\"elementor-element elementor-element-6f4688da elementor-widget__width-initial elementor-invisible elementor-widget elementor-widget-image\" data-id=\"6f4688da\" data-element_type=\"widget\" data-settings=\"{&quot;_animation&quot;:&quot;fadeInDown&quot;,&quot;_animation_delay&quot;:300}\" data-widget_type=\"image.default\">\n\t\t\t\t<div class=\"elementor-widget-container\">\n\t\t\t<style>\/*! elementor - v3.16.0 - 17-10-2023 *\/\n.elementor-widget-image{text-align:center}.elementor-widget-image a{display:inline-block}.elementor-widget-image a img[src$=\".svg\"]{width:48px}.elementor-widget-image img{vertical-align:middle;display:inline-block}<\/style>\t\t\t\t\t\t\t\t\t\t\t\t<img decoding=\"async\" loading=\"lazy\" width=\"300\" height=\"300\" src=\"https:\/\/monetbarra.infinitydemo.com.br\/wp-content\/uploads\/2023\/10\/BG-1.png\" class=\"attachment-full size-full wp-image-16\" alt=\"\" srcset=\"https:\/\/monetbarra.infinitydemo.com.br\/wp-content\/uploads\/2023\/10\/BG-1.png 300w, https:\/\/monetbarra.infinitydemo.com.br\/wp-content\/uploads\/2023\/10\/BG-1-150x150.png 150w\" sizes=\"(max-width: 300px) 100vw, 300px\" \/>\t\t\t\t\t\t\t\t\t\t\t\t\t\t\t<\/div>\n\t\t\t\t<\/div>\n\t\t\t\t<div class=\"elementor-element elementor-element-77173f00 elementor-invisible elementor-widget elementor-widget-heading\" data-id=\"77173f00\" data-element_type=\"widget\" data-settings=\"{&quot;_animation&quot;:&quot;fadeInUp&quot;}\" data-widget_type=\"heading.default\">\n\t\t\t\t<div class=\"elementor-widget-container\">\n\t\t\t<style>\/*! elementor - v3.16.0 - 17-10-2023 *\/\n.elementor-heading-title{padding:0;margin:0;line-height:1}.elementor-widget-heading .elementor-heading-title[class*=elementor-size-]>a{color:inherit;font-size:inherit;line-height:inherit}.elementor-widget-heading .elementor-heading-title.elementor-size-small{font-size:15px}.elementor-widget-heading .elementor-heading-title.elementor-size-medium{font-size:19px}.elementor-widget-heading .elementor-heading-title.elementor-size-large{font-size:29px}.elementor-widget-heading .elementor-heading-title.elementor-size-xl{font-size:39px}.elementor-widget-heading .elementor-heading-title.elementor-size-xxl{font-size:59px}<\/style><h2 class=\"elementor-heading-title elementor-size-default\">Galeria<\/h2>\t\t<\/div>\n\t\t\t\t<\/div>\n\t\t\t\t<div class=\"elementor-element elementor-element-5c95cc0b elementor-invisible elementor-widget elementor-widget-text-editor\" data-id=\"5c95cc0b\" data-element_type=\"widget\" data-settings=\"{&quot;_animation&quot;:&quot;fadeInUp&quot;}\" data-widget_type=\"text-editor.default\">\n\t\t\t\t<div class=\"elementor-widget-container\">\n\t\t\t<style>\/*! elementor - v3.16.0 - 17-10-2023 *\/\n.elementor-widget-text-editor.elementor-drop-cap-view-stacked .elementor-drop-cap{background-color:#69727d;color:#fff}.elementor-widget-text-editor.elementor-drop-cap-view-framed .elementor-drop-cap{color:#69727d;border:3px solid;background-color:transparent}.elementor-widget-text-editor:not(.elementor-drop-cap-view-default) .elementor-drop-cap{margin-top:8px}.elementor-widget-text-editor:not(.elementor-drop-cap-view-default) .elementor-drop-cap-letter{width:1em;height:1em}.elementor-widget-text-editor .elementor-drop-cap{float:left;text-align:center;line-height:1;font-size:50px}.elementor-widget-text-editor .elementor-drop-cap-letter{display:inline-block}<\/style>\t\t\t\t<p><a href=\"#\">Home<\/a> \/ Galeria<\/p>\t\t\t\t\t\t<\/div>\n\t\t\t\t<\/div>\n\t\t\t\t<div class=\"elementor-element elementor-element-74c670b1 elementor-widget__width-initial elementor-absolute elementor-invisible elementor-widget elementor-widget-image\" data-id=\"74c670b1\" data-element_type=\"widget\" data-settings=\"{&quot;_position&quot;:&quot;absolute&quot;,&quot;_animation&quot;:&quot;fadeInUp&quot;,&quot;_animation_delay&quot;:300}\" data-widget_type=\"image.default\">\n\t\t\t\t<div class=\"elementor-widget-container\">\n\t\t\t\t\t\t\t\t\t\t\t\t\t\t\t<img decoding=\"async\" loading=\"lazy\" width=\"300\" height=\"300\" src=\"https:\/\/monetbarra.infinitydemo.com.br\/wp-content\/uploads\/2023\/10\/BG-1.png\" class=\"attachment-full size-full wp-image-16\" alt=\"\" srcset=\"https:\/\/monetbarra.infinitydemo.com.br\/wp-content\/uploads\/2023\/10\/BG-1.png 300w, https:\/\/monetbarra.infinitydemo.com.br\/wp-content\/uploads\/2023\/10\/BG-1-150x150.png 150w\" sizes=\"(max-width: 300px) 100vw, 300px\" \/>\t\t\t\t\t\t\t\t\t\t\t\t\t\t\t<\/div>\n\t\t\t\t<\/div>\n\t\t\t\t\t<\/div>\n\t\t<\/div>\n\t\t\t\t\t\t\t<\/div>\n\t\t<\/section>\n\t\t\t\t<section class=\"elementor-section elementor-top-section elementor-element elementor-element-6d5073a9 elementor-section-boxed elementor-section-height-default elementor-section-height-default\" data-id=\"6d5073a9\" data-element_type=\"section\">\n\t\t\t\t\t\t<div class=\"elementor-container elementor-column-gap-default\">\n\t\t\t\t\t<div class=\"elementor-column elementor-col-100 elementor-top-column elementor-element elementor-element-3de152d0\" data-id=\"3de152d0\" data-element_type=\"column\">\n\t\t\t<div class=\"elementor-widget-wrap elementor-element-populated\">\n\t\t\t\t\t\t\t\t<div class=\"elementor-element elementor-element-4f92af2e elementor-widget elementor-widget-heading\" data-id=\"4f92af2e\" data-element_type=\"widget\" data-widget_type=\"heading.default\">\n\t\t\t\t<div class=\"elementor-widget-container\">\n\t\t\t<h2 class=\"elementor-heading-title elementor-size-default\">Com Momentos de Celebra\u00e7\u00e3o<\/h2>\t\t<\/div>\n\t\t\t\t<\/div>\n\t\t\t\t<div class=\"elementor-element elementor-element-641b00d9 elementor-widget elementor-widget-heading\" data-id=\"641b00d9\" data-element_type=\"widget\" data-widget_type=\"heading.default\">\n\t\t\t\t<div class=\"elementor-widget-container\">\n\t\t\t<h3 class=\"elementor-heading-title elementor-size-default\">Veja a nossa Galeria de Fotos<\/h3>\t\t<\/div>\n\t\t\t\t<\/div>\n\t\t\t\t<div class=\"elementor-element elementor-element-49640b37 elementor-widget elementor-widget-text-editor\" data-id=\"49640b37\" data-element_type=\"widget\" data-widget_type=\"text-editor.default\">\n\t\t\t\t<div class=\"elementor-widget-container\">\n\t\t\t\t\t\t\t<p>Nossa casa de festas \u00e9 verdadeiramente deslumbrante. <br \/>Explore nossa galeria de fotos para ter uma ideia de como a Monet pode tornar seu Evento incr\u00edvel.<\/p>\t\t\t\t\t\t<\/div>\n\t\t\t\t<\/div>\n\t\t\t\t<section class=\"elementor-section elementor-inner-section elementor-element elementor-element-483309ee elementor-section-boxed elementor-section-height-default elementor-section-height-default\" data-id=\"483309ee\" data-element_type=\"section\">\n\t\t\t\t\t\t<div class=\"elementor-container elementor-column-gap-default\">\n\t\t\t\t\t<div class=\"elementor-column elementor-col-33 elementor-inner-column elementor-element elementor-element-50a93330\" data-id=\"50a93330\" data-element_type=\"column\">\n\t\t\t<div class=\"elementor-widget-wrap elementor-element-populated\">\n\t\t\t\t\t\t\t\t<div class=\"elementor-element elementor-element-4f9c8efb elementor-widget elementor-widget-image\" data-id=\"4f9c8efb\" data-element_type=\"widget\" data-widget_type=\"image.default\">\n\t\t\t\t<div class=\"elementor-widget-container\">\n\t\t\t\t\t\t\t\t\t\t\t\t\t\t\t<img decoding=\"async\" loading=\"lazy\" width=\"850\" height=\"900\" src=\"https:\/\/monetbarra.infinitydemo.com.br\/wp-content\/uploads\/2023\/10\/the-bride-and-groom-hold-each-other-in-their-arms-5ARKQL7.jpg\" class=\"attachment-full size-full wp-image-113\" alt=\"\" srcset=\"https:\/\/monetbarra.infinitydemo.com.br\/wp-content\/uploads\/2023\/10\/the-bride-and-groom-hold-each-other-in-their-arms-5ARKQL7.jpg 850w, https:\/\/monetbarra.infinitydemo.com.br\/wp-content\/uploads\/2023\/10\/the-bride-and-groom-hold-each-other-in-their-arms-5ARKQL7-283x300.jpg 283w, https:\/\/monetbarra.infinitydemo.com.br\/wp-content\/uploads\/2023\/10\/the-bride-and-groom-hold-each-other-in-their-arms-5ARKQL7-768x813.jpg 768w\" sizes=\"(max-width: 850px) 100vw, 850px\" \/>\t\t\t\t\t\t\t\t\t\t\t\t\t\t\t<\/div>\n\t\t\t\t<\/div>\n\t\t\t\t<div class=\"elementor-element elementor-element-340dfcd5 elementor-widget elementor-widget-image\" data-id=\"340dfcd5\" data-element_type=\"widget\" data-widget_type=\"image.default\">\n\t\t\t\t<div class=\"elementor-widget-container\">\n\t\t\t\t\t\t\t\t\t\t\t\t\t\t\t<img decoding=\"async\" loading=\"lazy\" width=\"700\" height=\"900\" src=\"https:\/\/monetbarra.infinitydemo.com.br\/wp-content\/uploads\/2023\/10\/party-all-the-time-F4733EF.jpg\" class=\"attachment-full size-full wp-image-114\" alt=\"\" srcset=\"https:\/\/monetbarra.infinitydemo.com.br\/wp-content\/uploads\/2023\/10\/party-all-the-time-F4733EF.jpg 700w, https:\/\/monetbarra.infinitydemo.com.br\/wp-content\/uploads\/2023\/10\/party-all-the-time-F4733EF-233x300.jpg 233w\" sizes=\"(max-width: 700px) 100vw, 700px\" \/>\t\t\t\t\t\t\t\t\t\t\t\t\t\t\t<\/div>\n\t\t\t\t<\/div>\n\t\t\t\t\t<\/div>\n\t\t<\/div>\n\t\t\t\t<div class=\"elementor-column elementor-col-33 elementor-inner-column elementor-element elementor-element-748bdac4\" data-id=\"748bdac4\" data-element_type=\"column\">\n\t\t\t<div class=\"elementor-widget-wrap elementor-element-populated\">\n\t\t\t\t\t\t\t\t<div class=\"elementor-element elementor-element-43550186 elementor-widget elementor-widget-image\" data-id=\"43550186\" data-element_type=\"widget\" data-widget_type=\"image.default\">\n\t\t\t\t<div class=\"elementor-widget-container\">\n\t\t\t\t\t\t\t\t\t\t\t\t\t\t\t<img decoding=\"async\" loading=\"lazy\" width=\"900\" height=\"600\" src=\"https:\/\/monetbarra.infinitydemo.com.br\/wp-content\/uploads\/2023\/10\/wedding-decoration-with-cage-on-the-table-8VQ2KWK.jpg\" class=\"attachment-full size-full wp-image-115\" alt=\"\" srcset=\"https:\/\/monetbarra.infinitydemo.com.br\/wp-content\/uploads\/2023\/10\/wedding-decoration-with-cage-on-the-table-8VQ2KWK.jpg 900w, https:\/\/monetbarra.infinitydemo.com.br\/wp-content\/uploads\/2023\/10\/wedding-decoration-with-cage-on-the-table-8VQ2KWK-300x200.jpg 300w, https:\/\/monetbarra.infinitydemo.com.br\/wp-content\/uploads\/2023\/10\/wedding-decoration-with-cage-on-the-table-8VQ2KWK-768x512.jpg 768w\" sizes=\"(max-width: 900px) 100vw, 900px\" \/>\t\t\t\t\t\t\t\t\t\t\t\t\t\t\t<\/div>\n\t\t\t\t<\/div>\n\t\t\t\t<div class=\"elementor-element elementor-element-4aa4efcf elementor-widget elementor-widget-image\" data-id=\"4aa4efcf\" data-element_type=\"widget\" data-widget_type=\"image.default\">\n\t\t\t\t<div class=\"elementor-widget-container\">\n\t\t\t\t\t\t\t\t\t\t\t\t\t\t\t<img decoding=\"async\" loading=\"lazy\" width=\"500\" height=\"900\" src=\"https:\/\/monetbarra.infinitydemo.com.br\/wp-content\/uploads\/2023\/10\/they-always-steal-the-show-FMGSZYM.jpg\" class=\"attachment-full size-full wp-image-116\" alt=\"\" srcset=\"https:\/\/monetbarra.infinitydemo.com.br\/wp-content\/uploads\/2023\/10\/they-always-steal-the-show-FMGSZYM.jpg 500w, https:\/\/monetbarra.infinitydemo.com.br\/wp-content\/uploads\/2023\/10\/they-always-steal-the-show-FMGSZYM-167x300.jpg 167w\" sizes=\"(max-width: 500px) 100vw, 500px\" \/>\t\t\t\t\t\t\t\t\t\t\t\t\t\t\t<\/div>\n\t\t\t\t<\/div>\n\t\t\t\t\t<\/div>\n\t\t<\/div>\n\t\t\t\t<div class=\"elementor-column elementor-col-33 elementor-inner-column elementor-element elementor-element-2373d56b\" data-id=\"2373d56b\" data-element_type=\"column\">\n\t\t\t<div class=\"elementor-widget-wrap elementor-element-populated\">\n\t\t\t\t\t\t\t\t<div class=\"elementor-element elementor-element-6f64605 elementor-widget elementor-widget-image\" data-id=\"6f64605\" data-element_type=\"widget\" data-widget_type=\"image.default\">\n\t\t\t\t<div class=\"elementor-widget-container\">\n\t\t\t\t\t\t\t\t\t\t\t\t\t\t\t<img decoding=\"async\" loading=\"lazy\" width=\"700\" height=\"900\" src=\"https:\/\/monetbarra.infinitydemo.com.br\/wp-content\/uploads\/2023\/10\/crowd-partying-at-a-music-concert-audience-with-ra-PWDAPQN.jpg\" class=\"attachment-full size-full wp-image-117\" alt=\"\" srcset=\"https:\/\/monetbarra.infinitydemo.com.br\/wp-content\/uploads\/2023\/10\/crowd-partying-at-a-music-concert-audience-with-ra-PWDAPQN.jpg 700w, https:\/\/monetbarra.infinitydemo.com.br\/wp-content\/uploads\/2023\/10\/crowd-partying-at-a-music-concert-audience-with-ra-PWDAPQN-233x300.jpg 233w\" sizes=\"(max-width: 700px) 100vw, 700px\" \/>\t\t\t\t\t\t\t\t\t\t\t\t\t\t\t<\/div>\n\t\t\t\t<\/div>\n\t\t\t\t<div class=\"elementor-element elementor-element-153b27ae elementor-widget elementor-widget-image\" data-id=\"153b27ae\" data-element_type=\"widget\" data-widget_type=\"image.default\">\n\t\t\t\t<div class=\"elementor-widget-container\">\n\t\t\t\t\t\t\t\t\t\t\t\t\t\t\t<img decoding=\"async\" loading=\"lazy\" width=\"850\" height=\"900\" src=\"https:\/\/monetbarra.infinitydemo.com.br\/wp-content\/uploads\/2023\/10\/happy-co-workers-celebrating-while-company-party-a-HSCL2P5.jpg\" class=\"attachment-full size-full wp-image-118\" alt=\"\" srcset=\"https:\/\/monetbarra.infinitydemo.com.br\/wp-content\/uploads\/2023\/10\/happy-co-workers-celebrating-while-company-party-a-HSCL2P5.jpg 850w, https:\/\/monetbarra.infinitydemo.com.br\/wp-content\/uploads\/2023\/10\/happy-co-workers-celebrating-while-company-party-a-HSCL2P5-283x300.jpg 283w, https:\/\/monetbarra.infinitydemo.com.br\/wp-content\/uploads\/2023\/10\/happy-co-workers-celebrating-while-company-party-a-HSCL2P5-768x813.jpg 768w\" sizes=\"(max-width: 850px) 100vw, 850px\" \/>\t\t\t\t\t\t\t\t\t\t\t\t\t\t\t<\/div>\n\t\t\t\t<\/div>\n\t\t\t\t\t<\/div>\n\t\t<\/div>\n\t\t\t\t\t\t\t<\/div>\n\t\t<\/section>\n\t\t\t\t\t<\/div>\n\t\t<\/div>\n\t\t\t\t\t\t\t<\/div>\n\t\t<\/section>\n\t\t\t\t\t\t\t<\/div>\n\t\t","protected":false},"excerpt":{"rendered":"<p>Galeria Home \/ Galeria Com Momentos de Celebra\u00e7\u00e3o Veja a nossa Galeria de Fotos Nossa casa de festas \u00e9 verdadeiramente deslumbrante. Explore nossa galeria de fotos para ter uma ideia de como a Monet pode tornar seu Evento incr\u00edvel.<\/p>\n","protected":false},"author":1,"featured_media":0,"parent":0,"menu_order":0,"comment_status":"closed","ping_status":"closed","template":"","meta":{"footnotes":""},"_links":{"self":[{"href":"https:\/\/monetbarra.infinitydemo.com.br\/index.php\/wp-json\/wp\/v2\/pages\/110"}],"collection":[{"href":"https:\/\/monetbarra.infinitydemo.com.br\/index.php\/wp-json\/wp\/v2\/pages"}],"about":[{"href":"https:\/\/monetbarra.infinitydemo.com.br\/index.php\/wp-json\/wp\/v2\/types\/page"}],"author":[{"embeddable":true,"href":"https:\/\/monetbarra.infinitydemo.com.br\/index.php\/wp-json\/wp\/v2\/users\/1"}],"replies":[{"embeddable":true,"href":"https:\/\/monetbarra.infinitydemo.com.br\/index.php\/wp-json\/wp\/v2\/comments?post=110"}],"version-history":[{"count":16,"href":"https:\/\/monetbarra.infinitydemo.com.br\/index.php\/wp-json\/wp\/v2\/pages\/110\/revisions"}],"predecessor-version":[{"id":687,"href":"https:\/\/monetbarra.infinitydemo.com.br\/index.php\/wp-json\/wp\/v2\/pages\/110\/revisions\/687"}],"wp:attachment":[{"href":"https:\/\/monetbarra.infinitydemo.com.br\/index.php\/wp-json\/wp\/v2\/media?parent=110"}],"curies":[{"name":"wp","href":"https:\/\/api.w.org\/{rel}","templated":true}]}}